base 11.
-13
-22 (base 11) to base 8
-30
Convert 0 (base 5) to base 10.
0
Convert -10 (base 2) to base 4.
-2
What is 1 (base 10) in base 3?
1
12 (base 12) to base 11
13
-10 (base 3) to base 6
-3
What is -1 (base 8) in base 14?
-1
What is -2 (base 5) in base 14?
-2
What is -122 (base 5) in base 14?
-29
What is 540 (base 7) in base 9?
333
Convert -1 (base 12) to base 10.
-1
What is -1 (base 15) in base 10?
-1
Convert 3 (base 10) to base 5.
3
-2012 (base 3) to base 16
-3b
What is -113 (base 7) in base 10?
-59
What is -1a (base 14) in base 7?
-33
0 (base 6) to base 4
0
What is -115 (base 10) in base 15?
-7a
What is 9 (base 15) in base 16?
9
423 (base 6) to base 12
113
2 (base 9) to base 5
2
Convert 101 (base 3) to base 15.
a
Convert 1 (base 8) to base 2.
1
Convert 29 (base 14) to base 8.
45
What is -62 (base 12) in base 4?
-1022
What is 24 (base 6) in base 8?
20
What is -43 (base 9) in base 8?
-47
-4 (base 5) to base 9
-4
-112 (base 3) to base 8
-16
11 (base 12) to base 2
1101
What is 56 (base 7) in base 15?
2b
Convert 2 (base 12) to base 15.
2
What is -35 (base 10) in base 11?
-32
Convert -13 (base 5) to base 3.
-22
What is 115 (base 15) in base 10?
245
Convert 11 (base 2) to base 6.
3
0 (base 3) to base 14
0
Convert 1111 (base 2) to base 5.
30
-179 (base 10) to base 7
-344
Convert -10 (base 2) to base 16.
-2
-180 (base 9) to base 7
-306
What is -1000 (base 2) in base 13?
-8
1110 (base 2) to base 4
32
Convert 64 (base 9) to base 10.
58
What is 2 (base 15) in base 7?
2
Convert -21 (base 3) to base 4.
-13
What is -1 (base 4) in base 11?
-1
What is 0 (base 7) in base 13?
0
Convert -3 (base 15) to base 14.
-3
Convert 1 (base 11) to base 15.
1
What is -cc (base 14) in base 10?
-180
1 (base 12) to base 16
1
What is 441 (base 7) in base 10?
225
-3 (base 16) to base 5
-3
-21 (base 10) to base 9
-23
3 (base 10) to base 5
3
Convert -1000 (base 2) to base 9.
-8
0 (base 14) to base 16
0
What is 9 (base 11) in base 7?
12
What is 70 (base 9) in base 8?
77
What is 28 (base 9) in base 11?
24
Convert 22 (base 5) to base 6.
20
What is 5 (base 12) in base 3?
12
What is 1 (base 3) in base 13?
1
1e (base 15) to base 16
1d
Convert 7e (base 16) to base 7.
240
Convert -51 (base 14) to base 6.
-155
What is 0 (base 4) in base 15?
0
Convert 304 (base 9) to base 12.
187
Convert -4 (base 6) to base 2.
-100
What is -520 (base 6) in base 4?
-3000
8 (base 12) to base 9
8
-2 (base 13) to base 14
-2
What is 8 (base 12) in base 14?
8
Convert -2 (base 7) to base 5.
-2
13 (base 12) to base 4
33
-55 (base 6) to base 11
-32
Convert 466 (base 8) to base 4.
10312
-c (base 13) to base 14
-c
What is 8 (base 11) in base 4?
20
-2 (base 16) to base 3
-2
2 (base 5) to base 7
2
Convert -17 (base 11) to base 6.
-30
What is -11 (base 15) in base 13?
-13
Convert -103 (base 5) to base 14.
-20
100 (base 3) to base 6
13
What is 342 (base 7) in base 2?
10110001
-112 (base 5) to base 11
-2a
2023 (base 4) to base 7
256
1 (base 2) to base 5
1
Convert 3 (base 13) to base 4.
3
-110 (base 4) to base 16
-14
1 (base 16) to base 2
1
-31 (base 6) to base 14
-15
What is -4 (base 14) in base 3?
-11
d (base 14) to base 4
31
What is 70 (base 8) in base 13?
44
What is -4 (base 16) in base 5?
-4
1101 (base 5) to base 14
ab
Convert 11 (base 2) to base 5.
3
Convert 1 (base 2) to base 16.
1
-156 (base 8) to base 3
-11002
Convert 6 (base 15) to base 16.
6
Convert -2 (base 14) to base 3.
-2
-3 (base 13) to base 15
-3
What is -3 (base 15) in base 16?
-3
What is 32 (base 5) in base 12?
15
What is -3 (base 8) in base 9?
-3
Convert 4 (base 8) to base 16.
4
What is -30 (base 4) in base 11?
-11
65 (base 7) to base 8
57
Convert -4 (base 15) to base 11.
-4
-2 (base 11) to base 8
-2
3 (base 4) to base 14
3
What is -100212 (base 3) in base 14?
-150
What is -4 (base 10) in base 12?
-4
Convert 28 (base 12) to base 8.
40
Convert 442 (base 6) to base 15.
b5
Convert 7 (base 12) to base 8.
7
2 (base 5) to base 3
2
What is 3 (base 16) in base 10?
3
-14 (base 6) to base 11
-a
4 (base 15) to base 3
11
-101 (base 10) to base 12
-85
What is -1a (base 13) in base 7?
-32
What is -5 (base 13) in base 14?
-5
5 (base 7) to base 14
5
Convert -102001 (base 3) to base 5.
-2143
Convert -15 (base 11) to base 5.
-31
-2 (base 7) to base 3
-2
Convert -2 (base 16) to base 11.
-2
-1000 (base 3) to base 4
-123
What is 8 (base 13) in base 12?
8
-2 (base 9) to base 4
-2
30 (base 6) to base 10
18
Convert -1 (base 8) to base 7.
-1
What is 149 (base 13) in base 5?
1410
What is -111 (base 2) in base 9?
-7
What is -3 (base 6) in base 8?
-3
What is -100122 (base 3) in base 12?
-198
What is -11 (base 9) in base 16?
-a
Convert -1 (base 4) to base 12.
-1
-24 (base 9) to base 14
-18
What is 2 (base 9) in base 6?
2
1 (base 12) to base 16
1
-9 (base 15) to base 12
-9
-11 (base 2) to base 12
-3
-3 (base 6) to base 4
-3
Convert -11000 (base 2) to base 14.
-1a
What is 100010 (base 2) in base 7?
46
Convert -11 (base 4) to base 2.
-101
Convert -c7 (base 14) to base 4.
-2233
31 (base 4) to base 6
21
Convert 10231 (base 4) to base 8.
455
Convert 267 (base 8) to base 4.
2313
Convert -69 (base 10) to base 15.
-49
11 (base 15) to base 8
20
Convert 236 (base 10) to base 3.
22202
What is -3 (base 6) in base 3?
-10
-2041 (base 5) to base 15
-131
Convert 121 (base 3) to base 16.
10
Convert 0 (base 12) to base 3.
0
306 (base 7) to base 3
12200
Convert -2 (base 16) to base 4.
-2
What is -1 (base 13) in base 15?
-1
What is -4 (base 8) in base 7?
-4
112 (base 5) to base 14
24
Convert 13 (base 7) to base 4.
22
What is -132 (base 4) in base 10?
-30
What is -4 (base 16) in base 8?
-4
Convert -34 (base 14) to base 10.
-46
What is 2122 (base 3) in base 2?
1000111
Convert 103 (base 5) to base 14.
20
Convert -2000 (base 4) to base 15.
-88
100001 (base 2) to base 14
25
What is -126 (base 13) in base 12?
-149
Convert 33 (base 14) to base 8.
55
Convert -11100 (base 2) to base 16.
-1c
12 (base 3) to base 6
5
Convert -11 (base 8) to base 14.
-9
What is -4 (base 15) in base 5?
-4
What is -14 (base 14) in base 10?
-18
Convert -1010110 (base 2) to base 3.
-10012
Convert 2b (base 12) to base 4.
203
Convert 2 (base 14) to base 4.
2
0 (base 12) to base 6
0
What is -5 (base 10) in base 2?
-101
4 (base 8) to base 5
4
-2 (base 4) to base 10
-2
Convert -1 (base 4) to base 6.
-1
5d (base 14) to base 6
215
Convert 1 (base 13) to base 5.
1
7 (base 9) to base 3
21
Convert 66 (base 11) to base 8.
110
Convert 0 (base 2) to base 10.
0
-20 (base 8) to base 7
-22
4 (base 7) to base 6
4
1 (base 4) to base 5
1
2b (base 15) to base 5
131
What is 21 (base 11) in base 14?
19
Convert 0 (base 8) to base 5.
0
Convert -200 (base 6) to base 12.
-60
-104 (base 16) to base 11
-217
2 (base 5) to base 2
10
Convert -1000111 (base 2) to base 3.
-2122
What is 4 (base 10) in base 12?
4
-10 (base 5) to base 9
-5
Convert 10 (base 11) to base 3.
102
-5 (base 16) to base 10
-5
-2 (base 7) to base 11
-2
Convert -15 (base 10) to base 2.
-1111
-35 (base 10) to base 7
-50
17 (base 9) to base 15
11
-44 (base 5) to base 8
-30
What is -2 (base 16) in base 5?
-2
What is -23 (base 6) in base 9?
-16
What is 2 (base 10) in base 3?
2
Convert -7 (base 11) to base 14.
-7
Convert 4c (base 13) to base 7.
121
Convert 13 (base 15) to base 6.
30
-3 (base 4) to base 16
-3
1101 (base 2) to base 6
21
What is -32 (base 13) in base 8?
-51
What is 35 (base 15) in base 11?
46
What is -24 (base 14) in base 12?
-28
What is 5 (base 9) in base 15?
5
What is -a (base 15) in base 5?
-20
23 (base 12) to base 13
21
155 (base 9) to base 6
335
Convert -3 (base 8) to base 2.
-11
What is -4 (base 15) in base 6?
-4
Convert -3 (base 7) to base 2.
-11
What is -101001 (base 2) in base 9?
-45
What is e (base 16) in base 14?
10
2 (base 14) to base 13
2
1202 (base 4) to base 6
242
What is -30 (base 10) in base 13?
-24
Convert -7 (base 11) to base 10.
-7
Convert 11 (base 7) to base 14.
8
What is 23 (base 4) in base 2?
1011
What is -1312 (base 4) in base 10?
-118
What is 30 (base 14) in base 13?
33
1110001 (base 2) to base 6
305
Convert -321 (base 4) to base 3.
-2010
Convert -3 (base 6) to base 12.
-3
-4 (base 5) to base 15
-4
What is 1 (base 12) in base 3?
1
Convert 1 (base 9) to base 11.
1
Convert 14 (base 5) to base 6.
13
Convert -13 (base 6) to base 2.
-1001
-17 (base 15) to ba